120
In base 10, what is 1988 - 14?
1974
In base 2, what is 1001100101100110 - 101?
1001100101100001
In base 16, what is -281c + -7?
-2823
In base 6, what is -112 + -22015?
-22131
In base 6, what is 1251132 + 4?
1251140
In base 7, what is 22 + 1026?
1051
In base 14, what is 3c1ba + -5?
3c1b5
In base 4, what is 11313 - -11121?
23100
In base 9, what is 217 + -8305?
-8077
In base 16, what is -19d - -7d?
-120
In base 14, what is 0 - 192562?
-192562
In base 10, what is -308 + -8828?
-9136
In base 14, what is 1 - -1a06?
1a07
In base 7, what is 141 + -25435?
-25264
In base 2, what is -1111100 - -101011?
-1010001
In base 6, what is 410442 + 12?
410454
In base 13, what is 1 + 5420?
5421
In base 4, what is -10 - 130201203?
-130201213
In base 12, what is 3 - -27634?
27637
In base 8, what is 5 + -636317?
-636312
In base 13, what is -58a + -24?
-5b1
In base 16, what is 8fe52 - 5?
8fe4d
In base 9, what is 1202 - 1801?
-588
In base 5, what is -14 - -1341133?
1341114
In base 7, what is -10 - -110656?
110646
In base 16, what is -2 + 3da5?
3da3
In base 10, what is 27 - -17025?
17052
In base 5, what is 31 + -112?
-31
In base 9, what is 1 + 16471?
16472
In base 13, what is 0 - b27c?
-b27c
In base 5, what is 2333 + -40?
2243
In base 7, what is 141 + -2552?
-2411
In base 12, what is -9179 + 2?
-9177
In base 4, what is 11 + 22001200?
22001211
In base 11, what is 4 - -146a4a?
146a53
In base 11, what is -34 - -198?
164
In base 4, what is 100213 - -32?
100311
In base 9, what is -15 - -3225?
3210
In base 15, what is -7 + -5ac8?
-5ad0
In base 2, what is 1000010010110111 + 11010?
1000010011010001
In base 2, what is 10001011111100100100 - -110?
10001011111100101010
In base 15, what is 36986 - 28?
3695d
In base 13, what is 2 + -381?
-37c
In base 7, what is 146151 + -13?
146135
In base 6, what is -451410 + 5?
-451401
In base 9, what is -312481 + -5?
-312486
In base 8, what is -2 + -4634203?
-4634205
In base 3, what is 1101 - 10020101?
-10012000
In base 2, what is -11000110111000011 + 11?
-11000110111000000
In base 12, what is -5 - 8368?
-8371
In base 12, what is -238 + 15a5?
1369
In base 9, what is -4857 + 1?
-4856
In base 7, what is -22 - 16041?
-16063
In base 13, what is 2 + -9590?
-958b
In base 8, what is 62415 - 1?
62414
In base 14, what is 1011d + a?
10129
In base 16, what is 536 + 70?
5a6
In base 2, what is 101011000100 + -110110100?
100100010000
In base 5, what is -4 - -433423?
433414
In base 11, what is -8 + -11662?
-1166a
In base 3, what is -2 - 212020212111?
-212020212120
In base 9, what is -2465 - -11?
-2454
In base 16, what is 375 + 1?
376
In base 4, what is 1323123 - -2020?
1331203
In base 5, what is 3132011 + 1103?
3133114
In base 5, what is -10 - -1211201?
1211141
In base 14, what is -2 + -2724?
-2726
In base 7, what is -2002 + -5213?
-10215
In base 14, what is -68 - 39?
-a3
In base 11, what is -23 - -51a0?
5178
In base 2, what is 10000 - -100100111000001?
100100111010001
In base 2, what is 10000 - 1111000111010011?
-1111000111000011
In base 13, what is c1302 + 9?
c130b
In base 6, what is 0 + 241111?
241111
In base 3, what is 202 - 12011201?
-12010222
In base 9, what is -236 - -6151?
5814
In base 8, what is 10743 - -1?
10744
In base 10, what is 8596 + 0?
8596
In base 6, what is -204 + 212012?
211404
In base 2, what is -11010000 - 101101001?
-1000111001
In base 9, what is -25 - 4381?
-4416
In base 13, what is -281b + 1?
-281a
In base 6, what is 402013 - -5?
402022
In base 3, what is -12020022 - -10?
-12020012
In base 10, what is -12 + 1819?
1807
In base 2, what is 1001100110011 + 1001000?
1001101111011
In base 4, what is -120 + 110303033?
110302313
In base 4, what is 112 + -100012022?
-100011310
In base 10, what is 112404 - -4?
112408
In base 9, what is 7 + -40337?
-40330
In base 3, what is 11220002120 - -12?
11220002202
In base 2, what is -10010101 - 1110110110?
-10001001011
In base 11, what is -366a0a + 0?
-366a0a
In base 15, what is 63b9 + -6b?
634d
In base 13, what is -6895c + -15?
-68974
In base 13, what is -3 + b04?
b01
In base 11, what is 159 - 7a?
8a
In base 14, what is -35 - 6b67?
-6b9c
In base 8, what is -6 + 4501471?
4501463
In base 3, what is -12012200221 + 1?
-12012200220
In base 7, what is 401 - 431?
-30
In base 10, what is 282 - -73?
355
In base 16, what is -1029 + -4?
-102d
In base 4, what is 1301 - -23120?
31021
In base 6, what is 1 + 34524103?
34524104
In base 5, what is 24023 + 11?
24034
In base 2, what is -1011 - 1111001011100?
-1111001100111
In base 16, what is -28 - -122a?
1202
In base 8, what is 1 + 162136?
162137
In base 6, what is -25 + -35200?
-35225
In base 4, what is 301121 + 120?
301301
In base 14, what is 1856 + 13?
1869
In base 10, what is 58660 - 4?
58656
In base 14, what is -b - -b812?
b805
In base 6, what is 0 + 332341?
332341
In base 2, what is 1001101 + -1100110010?
-1011100101
In base 2, what is -111110 - -110011111?
101100001
In base 7, what is -1512334 - 0?
-1512334
In base 7, what is 335364 + 1?
335365
In base 16, what is 32a + -35b?
-31
In base 10, what is -608 + -643?
-1251
In base 5, what is 231143 + -1011?
230132
In base 14, what is 287 + 203?
48a
In base 9, what is 3 + -35613?
-35610
In base 4, what is -10310303200 - -3?
-10310303131
In base 2, what is -1110 + 100000011101?
100000001111
In base 14, what is -8b - -18?
-73
In base 5, what is 1204 - -324?
2033
In base 13, what is -7 + 810a6?
8109c
In base 16, what is -1 + a5?
a4
In base 8, what is 253 - -635?
1110
In base 9, what is -21 + 26726?
26705
In base 2, what is -1011001 + 10110010110?
10100111101
In base 3, what is -1202201201 + 12?
-1202201112
In base 9, what is -250 - -65?
-174
In base 4, what is 1302331 + 0?
1302331
In base 13, what is -50711 - 3?
-50714
In base 13, what is -1 - 19b8b3?
-19b8b4
In base 3, what is 201111 - -1010201?
1212012
In base 8, what is 21601 + 150?
21751
In base 4, what is -201212 + -2323?
-210201
In base 9, what is -11308 - 12?
-11321
In base 11, what is -4 - 477a91?
-477a95
In base 11, what is 39 - 77a5?
-7767
In base 9, what is -62 - -852?
780
In base 13, what is 36c8 + -10?
36b8
In base 9, what is -327 + 2058?
1631
In base 6, what is 3 + 2022442?
2022445
In base 7, what is -2 - 5314146?
-5314151
In base 2, what is 10000 - 10011001?
-10001001
In base 9, what is 84375 - -25?
84411
In base 4, what is 100001213 - 0?
100001213
In base 15, what is 1b4 + 603?
7b7
In base 11, what is 6a68 - 230?
6838
In base 5, what is 4042403 - 3?
4042400
In base 4, what is -102132213 - -200?
-102132013
In base 16, what is a22b - b?
a220
In base 8, what is -4 - -126302?
126276
In base 3, what is -11 + -12122200110?
-12122200121
In base 9, what is 20 + 35861?
35881
In base 9, what is -4 + 64561?
64556
In base 2, what is -101010101 + -1010110001?
-10000000110
In base 6, what is 2552252 + -3?
2552245
In base 10, what is 272320 - 7?
272313
In base 4, what is 100012211 + 1?
100012212
In base 8, what is -5 - 44261?
-44266
In base 12, what is -1a + 1582?
1564
In base 2, what is 11000101111000000110 - 101?
11000101111000000001
In base 15, what is 0 - 1e33?
-1e33
In base 12, what is 2355 - -33?
2388
In base 6, what is -3035032 + 1?
-3035031
In base 8, what is 40 - -6130?
6170
In base 10, what is 2 - 694620?
-694618
In base 16, what is -4a7 + 2e?
-479
In base 12, what is 2 + 1a068?
1a06a
In base 16, what is 15f35 - 3?
15f32
In base 3, what is 101102 + -1221?
22111
In base 8, what is 6547426 + 2?
6547430
In base 15, what is 2d + 2d1e?
2d4c
In base 16, what is 106d - -4?
1071
In base 4, what is -10200 - 1301?
-12101
In base 6, what is -1 + 51230?
51225
In base 4, what is -1321020221 - -11?
-1321020210
In base 12, what is 205127 - -3?
20512a
In base 6, what is -34112 + -2050?
-40202
In base 13, what is 2721 - -a?
272b
In base 10, what is 853 + 523?
1376
In base 4, what is 3211 + 1310?
11121
In base 6, what is -1014 + 3320?
2302
In base 14, what is 5 + -9147?
-9142
In base 2, what is 11011111001100110 + -1?
11011111001100101
In base 9, what is -348521 + 0?
-348521
In base 12, what is 78bb - 7?
78b4
In base 9, what is 182 + 4112?
4304
In base 12, what is 2b8 + 18?
314
In base 6, what is -132500 + -12?
-132512
In base 6, what is -24334523 - 5?
-24334532
In base 3, what is -20221 + -1200201?
-1221122
In base 6, what is 250520134 + 2?
250520140
In base 2, what is 11001